{"id":2,"date":"2025-03-05T08:20:31","date_gmt":"2025-03-05T08:20:31","guid":{"rendered":"https:\/\/vs24m6ttus.ita.voco.ee\/?page_id=2"},"modified":"2025-04-02T07:14:37","modified_gmt":"2025-04-02T07:14:37","slug":"sample-page","status":"publish","type":"page","link":"https:\/\/vs24m6ttus.ita.voco.ee\/index.php\/sample-page\/","title":{"rendered":"Minust"},"content":{"rendered":"\n<div class=\"wp-block-columns is-layout-flex wp-container-core-columns-is-layout-9d6595d7 wp-block-columns-is-layout-flex\">\n<div class=\"wp-block-column is-layout-flow wp-block-column-is-layout-flow\" style=\"flex-basis:10%\"><\/div>\n\n\n\n<div class=\"wp-block-column is-layout-flow wp-block-column-is-layout-flow\">\n<figure class=\"wp-block-image size-full is-resized wp-duotone-unset-1\"><img loading=\"lazy\" decoding=\"async\" width=\"1536\" height=\"2048\" src=\"https:\/\/vs24m6ttus.ita.voco.ee\/wp-content\/uploads\/2025\/03\/a.jpg\" alt=\"\" class=\"wp-image-95\" style=\"width:534px;height:auto\"\/><\/figure>\n<\/div>\n\n\n\n<div class=\"wp-block-column is-vertically-aligned-center is-layout-flow wp-block-column-is-layout-flow\">\n<p class=\"has-text-align-center\">Ammu aega tagasi, kui taevas oli sinisem ja rohi rohelisem, s\u00fcndis poiss, kellel oli saatusest ette n\u00e4htud nakatuda fotograafia pisikuga&#8230; Niimoodi algab minu lugu. Fotograafiaga tegeles ka minu isa. Ilmselt sealt ma pisiku k\u00fclga saingi. Mulle meeldis alati platsis olla, kui vanamees hakkas pilte ilmutama. See oli nagu maagia! Hiljem ta kinkis mulle p\u00e4ris oma kaamera. <\/p>\n\n\n\n<p class=\"has-text-align-center\">Ja siis ma sain aru, et k\u00f5ik polegi nii lihtne nagu k\u00f5rvalt paistis. Aga p\u00f5nev oli ikka! Ajapikku hakkasid ka fotod v\u00e4lja tulema ja vahel ka mitte tulema&#8230; Eks see k\u00e4ibki fotonduse juurde. Seda toredam, kui \u00f5nnestub mingit huvitvat hetke tabada v\u00f5i mingit teistsugust rakurssi j\u00e4\u00e4dvustada. Aja edenedes ja tehnika arenedes sai digitaalsete kaamerate peale \u00fcle mindud. Ja ausalt \u00f6eldes &#8211; mina neid vanu aegu tagasi ei igatse! Kui palju uusi v\u00f5imalusi tekkis juurde ja kui palju aega sai kokku hoitud piltide ilmutamise arvelt. Siiski &#8211; hea on meenutada! Ikkagi ajalugu. <\/p>\n\n\n\n<p class=\"has-text-align-center\">Hetkel soetan endale j\u00e4rjest toekamat tehnikat ja olen avatud k\u00f5igele uuele, mis fotograafias toimub. Kuna olen ikkagi amat\u00f6\u00f6r fotograaf ja hobi teema j\u00e4rjest areneb ning laieneb, on mul tunne, et see teekond ei l\u00f5pe iial. Ja see on tore! Pildistamise k\u00e4igus tuleb ringi liikuda, v\u00e4gagi erinevate inimestega suhelda aga koguse tegevus on puhas r\u00f5\u00f5m minu jaoks!<\/p>\n<\/div>\n\n\n\n<div class=\"wp-block-column is-layout-flow wp-block-column-is-layout-flow\" style=\"flex-basis:10%\"><\/div>\n<\/div>\n","protected":false},"excerpt":{"rendered":"<p>Ammu aega tagasi, kui taevas oli sinisem ja rohi rohelisem, s\u00fcndis poiss, kellel oli saatusest ette n\u00e4htud nakatuda fotograafia pisikuga&#8230; Niimoodi algab minu lugu. Fotograafiaga tegeles ka minu isa. Ilmselt sealt ma pisiku k\u00fclga saingi. Mulle meeldis alati platsis olla, kui vanamees hakkas pilte ilmutama. See oli nagu maagia! Hiljem ta kinkis mulle p\u00e4ris oma &#8230; <a title=\"Minust\" class=\"read-more\" href=\"https:\/\/vs24m6ttus.ita.voco.ee\/index.php\/sample-page\/\" aria-label=\"Read more about Minust\">Read more<\/a><\/p>\n","protected":false},"author":1,"featured_media":0,"parent":0,"menu_order":0,"comment_status":"closed","ping_status":"open","template":"","meta":{"footnotes":""},"class_list":["post-2","page","type-page","status-publish"],"_links":{"self":[{"href":"https:\/\/vs24m6ttus.ita.voco.ee\/index.php\/wp-json\/wp\/v2\/pages\/2","targetHints":{"allow":["GET"]}}],"collection":[{"href":"https:\/\/vs24m6ttus.ita.voco.ee\/index.php\/wp-json\/wp\/v2\/pages"}],"about":[{"href":"https:\/\/vs24m6ttus.ita.voco.ee\/index.php\/wp-json\/wp\/v2\/types\/page"}],"author":[{"embeddable":true,"href":"https:\/\/vs24m6ttus.ita.voco.ee\/index.php\/wp-json\/wp\/v2\/users\/1"}],"replies":[{"embeddable":true,"href":"https:\/\/vs24m6ttus.ita.voco.ee\/index.php\/wp-json\/wp\/v2\/comments?post=2"}],"version-history":[{"count":17,"href":"https:\/\/vs24m6ttus.ita.voco.ee\/index.php\/wp-json\/wp\/v2\/pages\/2\/revisions"}],"predecessor-version":[{"id":788,"href":"https:\/\/vs24m6ttus.ita.voco.ee\/index.php\/wp-json\/wp\/v2\/pages\/2\/revisions\/788"}],"wp:attachment":[{"href":"https:\/\/vs24m6ttus.ita.voco.ee\/index.php\/wp-json\/wp\/v2\/media?parent=2"}],"curies":[{"name":"wp","href":"https:\/\/api.w.org\/{rel}","templated":true}]}}